isor of 18 and g?
9
Suppose -15*p = -11*p - 1292. What is the highest common divisor of 19 and p?
19
Let x be 0*(-3 + 0)/(-3). Suppose 5*b - 130 = -x*b. Calculate the greatest common factor of b and 39.
13
Suppose 0 = 5*f - 0*h + 2*h - 70, 4*f - 53 = -h. Calculate the greatest common factor of f and 132.
12
Let s(c) = c**2 - 2*c. Let r be s(-7). Calculate the greatest common factor of r and 7.
7
Suppose g + 3 - 4 = 0. Let c = 1 + g. Suppose 0 = -3*i + 4*d + 76, c*d + 31 + 21 = 2*i. Calculate the highest common divisor of 4 and i.
4
Suppose b + 64 = -4*c, -3*c = -3 - 3. Let p be (b/(-32))/((-2)/(-16)). Let z be p/(-45) - 212/(-5). Calculate the highest common factor of z and 14.
14
Let u(k) = 23*k**2 - 2*k - 1. Let r be u(-1). Calculate the greatest common divisor of r and 16.
8
Suppose -2*u - 5*b + 25 = -2*b, -5*b + 49 = 4*u. What is the greatest common divisor of 33 and u?
11
Let r = -4 + 6. Let h(b) = -2*b**3 + b**2 + 2*b - 3. Let k be h(r). Let c = k - -22. Calculate the greatest common factor of c and 33.
11
Suppose 0 = -3*o + 6, 3*i - 2*o - 62 = 0. Let s = 155 - -30. Suppose 0 = -3*l + 4*u + s, -2*u = 5*l + u - 260. What is the highest common divisor of l and i?
11
Suppose 0*l - 60 = -5*l. Suppose 3*j - 46 = -4*g, 2*g - g + 3*j = 16. Suppose u - 20 - g = 0. Calculate the highest common factor of l and u.
6
Let r be 6/(-9) + 2/3. Let q be r + (120 - -1) + 0. Let f be (-3)/12 - q/(-4). Calculate the highest common divisor of 45 and f.
15
Let g = -142 + 205. What is the highest common factor of g and 7?
7
Suppose -7*u = -209 + 6. Calculate the greatest common factor of 58 and u.
29
Suppose 2*m = 5*x - 30, 7*m - 2*m = 5*x - 15. Suppose 2*s + x = -0. Let h be s/18 - (-364)/18. What is the highest common divisor of h and 180?
20
Let y be (-2)/(4/(-1160)*-4). Suppose 0 = 4*v - 5*a + 956, -2*v - a = 2*v + 980. Let x = y - v. Calculate the highest common factor of x and 9.
9
Let c = 36 - 28. Let s be 1 + (73 + -1 - 1). What is the greatest common factor of c and s?
8
Let q(x) = -x**2 + 20*x + 9. Let o be q(13). What is the greatest common factor of o and 25?
25
Let k be -1*1*-129*1. Let s be (-1)/3 + k/9. Calculate the highest common factor of s and 56.
14
Suppose -m = 3*m - 108. Let f(d) = d**3 - 6*d**2 + 7*d - 1. Let v be f(5). Calculate the highest common factor of v and m.
9
Suppose 5*k - 618 = 3*y, -4*k - 2*y = k - 638. Calculate the highest common factor of k and 14.
14
Let i be (-45)/(-5)*(3 + 0 - 2). What is the greatest common factor of 81 and i?
9
Let g be ((-50)/3)/(-5)*3. Let d be (-3 - -4)*g/2. Suppose 12 = p - q, 0*q = d*q. Calculate the greatest common divisor of p and 8.
4
Suppose 5*a - 14 = -z, -3*z - 2*a + 25 = -43. Calculate the greatest common factor of 96 and z.
24
Let v(m) = -2*m**2 - 24*m - 5. Let f be v(-10). Calculate the greatest common factor of f and 5.
5
Let h be 2/(-4)*(-9 - -3). Let g(z) = 12*z - 3. Let a be g(h). What is the highest common factor of 3 and a?
3
Suppose 0 = 2*u - 104 + 20. Suppose -4*g + u = -g. Let o(j) = -j**3 + 6*j**2 + 5*j + 6. Let d be o(5). What is the highest common factor of d and g?
14
Let w be (1 - 3) + (-35)/(-1). Suppose 4*u + 1 = -z + w, -5*u = 2*z - 52. What is the greatest common factor of 8 and z?
8
Let k(c) = -c + 5*c + 0*c**2 - 5*c + c**2 + 2. Let s be k(-3). Calculate the highest common factor of 7 and s.
7
Suppose 0*i = -i + 3. Suppose 3*h - 3 = i. Suppose 19 = h*g - 0*g - 5*b, 5*b = 25. Calculate the greatest common divisor of 198 and g.
22
Let c be -1 - (39/(-3) - 0). Suppose 3*z + 2*x - 106 = -0*x, 2*x + 182 = 5*z. Calculate the greatest common divisor of c and z.
12
Let s(q) = -q**2 - 5*q + 7. Let c be s(-5). Suppose 0 = -3*p + 1 - c. Let u be 1 - ((-1 - 2) + p). Calculate the highest common divisor of 36 and u.
6
Suppose -o = -2*x + 14, 3*o - 33 = -5*x - 9. Let a(m) = -m**2 + 10*m + 3. Let n be a(10). What is the highest common divisor of x and n?
3
Suppose 2*u - 7 = u. Let f(v) = 9*v + 2. Let k be f(-8). Let p = -14 - k. What is the greatest common factor of u and p?
7
Suppose -114 = 7*t - 9*t. Calculate the highest common divisor of 19 and t.
19
Suppose 7*k - 28 = -4*b + 3*k, 2*b - 2*k - 6 = 0. Suppose 0 = -2*y - v + 47, -b*y + 9 + 116 = v. Calculate the highest common factor of y and 104.
26
Let b = -29 + 19. Let r be (-105)/(-2)*(-8)/b. Suppose -p = -5*p - 3*k + r, -p = 4*k - 17. What is the greatest common factor of 18 and p?
9
Let y = -169 - -320. Suppose -29 = -3*a - 5*u, 2*u = 4*a + 2 - 6. Let c be (a + y)*(-1)/(-2). What is the highest common divisor of 7 and c?
7
Suppose 7*p - 2*p = 0. Suppose -2*y - y + 12 = p. Suppose -60 = -3*d - h + 50, -y*d - 3*h + 150 = 0. What is the highest common divisor of 90 and d?
18
Let z be 7 - ((-2 - -5) + 0). Suppose -z*a = -11 - 9, -k = -a - 2. Let y = -68 - -124. What is the highest common divisor of y and k?
7
Suppose 0*o = -3*o - i + 105, 2*i - 105 = -3*o. What is the highest common factor of 14 and o?
7
Suppose 3*v = 4*v - 16. Calculate the highest common factor of 160 and v.
16
Let y = -25 - -81. What is the highest common divisor of 7 and y?
7
Let k be (-12)/30 + (-38)/5. Let t = k - -14. Calculate the greatest common divisor of 48 and t.
6
Let p = -69 - -96. Calculate the highest common divisor of 27 and p.
27
Let y(i) = -i**2 - 22*i - 85. Let f be y(-16). Calculate the highest common divisor of 308 and f.
11
Let j be (-4)/(217/77 + -3). Let c(z) = z + 154. Let n be c(0). What is the highest common divisor of n and j?
22
Let r = 11 + 44. What is the highest common divisor of 33 and r?
11
Let y(w) be the first derivative of -1 - 3*w - 1/2*w**2. Let g be y(-7). Calculate the greatest common factor of 32 and g.
4
Let m(r) = 28*r - 4. Suppose 3*z = z - 2. Let c = 6 + z. Let a be m(c). Calculate the highest common divisor of 17 and a.
17
Let i be (-63)/6*20/6*-1. What is the highest common factor of i and 14?
7
Suppose 0 = -3*i + 126 + 450. Calculate the greatest common factor of i and 24.
24
Suppose -17 = -4*i - j, 4*i - 21 = -3*j - 2*j. Let m be 8/32 + 94/8 + -2. Calculate the highest common divisor of m and i.
2
Suppose 37 + 19 = 2*a. Let t be -77 + 2 - (-6)/3. Let f = t - -115. Calculate the greatest common divisor of a and f.
14
Suppose -23*a + 27*a - 16 = 0. What is the greatest common factor of 12 and a?
4
Suppose -73*c + 15 = -68*c. Calculate the greatest common factor of c and 33.
3
Let u(q) = -q + 8. Suppose 0 = -s + 5*s - 24. Let a be u(s). Suppose -2*c - 12 = -4*d - c, 0 = 4*c. Calculate the greatest common factor of a and d.
1
Suppose -20 + 101 = 3*h. Calculate the highest common divisor of h and 81.
27
Let y be ((-18)/(-8))/(1/64). Let i(g) = -g**2 + 6*g - 5. Let x be i(4). Suppose -x*q = -q - y. What is the greatest common divisor of q and 9?
9
Let a be (24/20)/((-16)/(-280)). Suppose 2*i = -0*i + 14. Let y be (0 + i/(-2))*-4. Calculate the greatest common divisor of a and y.
7
Suppose -3*a + 2*w + 25 = 0, a + 2*a - 4*w - 35 = 0. Suppose 0*y - m = -3*y + 465, -a*m = 15. What is the greatest common factor of 14 and y?
14
Suppose 192 = 2*c - c. Suppose m - 10*m + 216 = 0. What is the highest common factor of m and c?
24
Suppose f - 40 = -4*f. What is the highest common divisor of f and 72?
8
Let h = -44 + 64. What is the greatest common divisor of 4 and h?
4
Let f = -6 - -11. Let j be 40*(10/4)/f. Suppose 0 = -0*y + 4*y - j. Calculate the highest common factor of 40 and y.
5
Let z = 22 + 4. Suppose -z - 19 = -w. Suppose l + l - w = -t, 0 = -l - 2. What is the greatest common factor of 7 and t?
7
Suppose 3*y - 312 = -0*y. Let o(w) = -w**3 + 7*w**2 + 5*w - 22. Let i be o(7). What is the highest common divisor of y and i?
13
Suppose 0 = 5*x + 3*q - 587 - 143, 5*x + 2*q = 725. Suppose -4*k - x + 503 = 0. Calculate the highest common factor of k and 36.
18
Let z = -71 + 15. Let o be (126/8)/((-21)/z). Calculate the greatest common divisor of o and 6.
6
Suppose z - 3*t - 11 = 6, 5*z - 25 = -5*t. What is the highest common divisor of 4 and z?
4
Suppose 0 = -5*z + 327 - 12. Let p be 592/9 - (-14)/z. Calculate the highest common divisor of 6 and p.
6
Suppose -m - 3 = 0, n + 3*m = -3*n + 51. Suppose -8*q + 180 = -13*q. Let f = 51 + q. Calculate the highest common divisor of n and f.
15
Suppose 8*v + 3 - 19 = 0. What is the 